s the remainder when ((n - 180)/3)/(-1) is divided by (-5 - -2)/(2/(-10))?
14
What is the remainder when 789 is divided by 112/(-168) - 436/(-6)?
69
Suppose -v + 11 = 77. What is the remainder when 123 is divided by (v - -17)*4/(-14)?
11
Let s = 66 + -45. Let z(o) = o**3 - 22*o**2 + 22*o - 9. What is the remainder when z(s) is divided by 9?
3
Let f be (9 + -24)/(6/(-8)). What is the remainder when (-34)/(-10) + -3 - (-1852)/f is divided by 16?
13
Let w = 235 + -208. Calculate the remainder when 91 is divided by w.
10
Suppose w = -5*o + 98, 2*o + w + 4 = 42. Let k(c) be the second derivative of 7*c**4/12 + 2*c. Calculate the remainder when o is divided by k(1).
6
Let a = 76 + -78. Calculate the remainder when a/(10/(-245)) - (1 + -3) is divided by 11.
7
Let b be 4/6 + (-2752)/24. Let l be (-4 - -1)*b/18. Let g = -8 + l. What is the remainder when g is divided by 4?
3
Suppose 26 = x + 4*x - 4*h, 3*x = 5*h + 26. Suppose y + 112 = 2*o + 3*o, x*o + 2*y = 52. Let c(w) = 5*w - 5. What is the remainder when c(10) is divided by o?
22
Suppose -48 = -2*m + 4*p, 4*m = -p + 6*p + 99. What is the remainder when (153/6 - 0)*2 is divided by m?
25
Let d be 3/(-5) + (-138)/(-30) + 0. Let y(p) = p**3 - 2*p**2 - 6*p + 6. Calculate the remainder when 82 is divided by y(d).
12
Let k(u) = -11*u - 83. What is the remainder when k(-14) is divided by 37?
34
Let a(g) = 2*g**3 + 8*g**2 - 3*g - 5. Let p be a(-4). Suppose p*w = w + 210. What is the remainder when 68 is divided by w?
33
What is the remainder when (-82)/(352/627 - (-4)/(-6)) is divided by 39?
38
Let z = -33 + 37. Calculate the remainder when 40 + z - (-4 + 1) is divided by 7.
5
Let v be ((-96)/26)/(-2) - (-4)/26. Suppose 2 = 3*d - 7. What is the remainder when 2 is divided by d + (v + 1 - 4)?
0
Let m be 16*1*(15 + -14). Suppose -4*g = 4*k + 12, 0 = 4*g + m - 0. Calculate the remainder when k/3 + 1110/45 is divided by 14.
11
Suppose 3*v - 17 - 16 = 0. Suppose -5*g - 5*d = -315, g - 63 = 6*d - 3*d. What is the remainder when g is divided by v?
8
Let x = 628 + -447. Let w = 20 + -4. Calculate the remainder when (-3)/(x/46 - 4) is divided by w.
14
Let p be (2 + 2)/(0 + 1). Suppose -42 = -p*x + 62. Calculate the remainder when x is divided by (-2)/(-5) - (-33)/5.
5
Suppose 2*n = 6*n + 156. What is the remainder when -4 - 150/n - (-509)/13 is divided by 14?
11
Suppose -2*x = 3*x + 45. Let b(m) be the second derivative of m**4/12 + m**3/3 - 11*m**2 + 5*m. What is the remainder when b(x) is divided by 22?
19
Let s(g) = -6. Let k(p) = -p + 7. Let f(l) = -4*k(l) - 6*s(l). Let o be f(5). Let d = o - 5. What is the remainder when d is divided by 13?
10
Suppose 11*g + 6 = 5*g. What is the remainder when 108 is divided by g + (-15)/(-9) - (-56)/6?
8
Suppose -8*n + 242 = 14*n. Calculate the remainder when 48 is divided by n.
4
Let n = -41 + 36. Let y = 16 + n. Calculate the remainder when (-43)/((-1 - -2)/(-1)) is divided by y.
10
Suppose 4*s = 5*l - 0*s - 6, -8*l + 20 = 4*s. Let p(n) = 6*n**2 - 2*n + 1. Calculate the remainder when p(1) is divided by l.
1
Let m = 85 + -81. What is the remainder when 59 is divided by m?
3
Let q(h) = -h**2 + 18*h + 6. Calculate the remainder when 388 is divided by q(17).
20
Suppose 4*y - 4 = 2*g + 10, -2*g = -2*y + 10. Suppose 3*z = -n + 221, -2*z - y*n - 51 = -197. What is the remainder when z is divided by 25?
24
Suppose 0 = -17*m + 14*m + 3. Calculate the remainder when 8 is divided by -4 - (40/(-5))/m.
0
Let j = 25 + -18. Let u(y) = -j + 1 - y - 1 + 7*y. What is the remainder when u(4) is divided by 7?
3
Suppose -8*u + 375 = -3*u. Let x be (0 - 10)/(18/(-171)). Suppose 5*f - x = -0*f. What is the remainder when u is divided by f?
18
Suppose -2*f + 60 - 50 = 0. Suppose -f*o - 85 = -320. What is the remainder when 86 is divided by o?
39
Suppose 12*s - 737 = 1711. What is the remainder when s is divided by 52?
48
Let f(l) = 11*l**2 + 4*l + 1. What is the remainder when 142 is divided by f(-2)?
31
Let g = 114 - 96. Calculate the remainder when g is divided by 4.
2
Let r(v) = 10*v + 1. Suppose -15 = 2*c - 29. Suppose -2*t + 27 = -c. What is the remainder when r(3) is divided by t?
14
Let q(y) = 2*y - y + 2*y - 9. Let r = -417 - -433. What is the remainder when r is divided by q(6)?
7
Suppose 0 = -8*s + 224 + 8. Calculate the remainder when 519 is divided by s.
26
Suppose -28 - 11 = -3*g. Let r be (3 - 2) + 5/((-20)/(-24)). Suppose -d + 18 = 4*x, 8*d - r*d = -2*x + 28. What is the remainder when d is divided by g?
12
Suppose o - 160 = -8. Suppose -a - 2*a = -3*h + 105, -4*h + o = -a. What is the remainder when h is divided by 21?
18
Let q(z) = z**3 + 7*z**2 + 6*z - 3. Let o be q(-6). What is the remainder when ((-3)/2)/(o/134) is divided by 23?
21
Let j(c) = c**3 + 10*c**2 + 9*c + 3. Let q be j(-9). Suppose i + 28 = q*b - 3*i, 5*i = 2*b - 28. Calculate the remainder when 13 is divided by b.
1
Suppose 4*j + 28 = 3*i - 16, i + 2*j = -2. Let r(l) = -l**3 - l**2 - l - 1. Let h be r(0). What is the remainder when (92/(-2)*1)/h is divided by i?
6
Let z(a) = 2*a - 10. Let h be z(6). Let t = 2 + h. Suppose 17 + 27 = 4*w. What is the remainder when w is divided by t?
3
Let i(p) = -p + 9. Let w = 27 + -22. What is the remainder when 7 is divided by i(w)?
3
Suppose 5*n = 5*s - 455, 3 = 6*n - 7*n. Calculate the remainder when 318 is divided by s.
54
Let w(j) = -38*j - 2. Let q be w(-1). Suppose 4*d - q = -4*p, 4*d = 2*p + 3*p + 18. What is the remainder when 27 is divided by d?
6
Calculate the remainder when 78 is divided by (-24)/(-216) + (-394)/(-18).
12
What is the remainder when 33 + (1 + -3)/(-2) is divided by (-6)/(-10 - 2) - (-35)/2?
16
Let k = 2143 - 1827. Calculate the remainder when k is divided by 101.
13
Suppose 0 = -6*y - 923 + 3851. Calculate the remainder when y is divided by 10.
8
Suppose s + i - 659 = 189, -4*s = 3*i - 3388. What is the remainder when s is divided by 65?
64
Suppose 9*x + 4 = -23. Let z(d) = d**2 + d + 6. What is the remainder when 59 is divided by z(x)?
11
Let i(t) = 259*t**2 - 2*t + 1. What is the remainder when i(1) is divided by 720/10 - (1 - -6)?
63
Let r(z) be the second derivative of 0 + 3*z + 1/12*z**4 - 1/2*z**2 + 1/2*z**3. What is the remainder when 5 is divided by r(-4)?
2
Suppose 19*m = 14*m + 175. Let h = m + -22. What is the remainder when 50 is divided by h?
11
Suppose 62*x - 8918 = 2924. What is the remainder when x is divided by 50?
41
Suppose -6*y + 3*y + 201 = 0. Suppose 158 = 10*q - 12. Calculate the remainder when y is divided by q.
16
Suppose -4*g = -t + 3*t - 210, t - 5*g - 98 = 0. Calculate the remainder when t is divided by 15.
13
Suppose 4*h = -h + 15. Suppose h*q = a - 12, -2*a - q = -0*a - 17. What is the remainder when 80/(-5)*(-1)/(-5)*-5 is divided by a?
7
Let w(g) = g**2 + 5*g + 5. Let u be w(0). Suppose -u*k + 2*q = 7*q - 90, -5*k = -4*q - 45. What is the remainder when 42 is divided by k?
3
Let s(v) = -v**3 - 6*v**2 - 14*v + 6. What is the remainder when s(-7) is divided by 81?
72
Let v = 5 - 5. Suppose 8*i - 9*i = v. Suppose -5*a = -2*d - 3*d - 95, i = 3*a + 3*d - 69. Calculate the remainder when a is divided by 12.
9
Let b(p) = 13*p**3 - p**2 - 29*p + 55. What is the remainder when b(2) is divided by (-152)/(-6) - 1/3?
22
Let n(k) = 3*k**2 - 19*k - 28. Let f be (-5)/(-5) + 4 + 0. Let t(o) = o**3 - 4*o**2 - 2*o - 6. Calculate the remainder when n(9) is divided by t(f).
8
Let x = 28 + -21. Suppose x = j + 1. Calculate the remainder when 20 is divided by j.
2
Let a = -687 - -786. What is the remainder when 395 is divided by a?
98
Suppose 3*y - 6*y = -99. Let x be (0 + -1)/((-1)/3). Suppose 3*h - 314 = -4*a - a, -2*h + x*a = -184. Calculate the remainder when h is divided by y.
32
Let d = -10 + 1. Let r(s) = -13*s - 10. Let a be r(d). Let z = 162 - a. Calculate the remainder when z is divided by 29.
26
Suppose 30*q - 80*q + 850 = 0. What is the remainder when 252 is divided by q?
14
Let a(j) = -j**3 + 14*j**2 - 14*j + 13. Let b be a(13). Let u(k) = -2*k + 103. What is the remainder when u(b) is divided by 35?
33
Let f(d) = d**3 + 9*d**2 + 5. What is the remainder when 344 is divided by f(-7)?
35
Suppose -211 + 486 = 5*t. What is the remainder when 103 is divided by t?
48
Let g(w) = w**3 - 2*w**2 + 4*w - 2. Suppose -28*n = -42*n + 266. 